 78. Suppose -7*u + 266 = -14*u. What are the prime factors of q(u)?
2, 151
Suppose -6*c = -12*c - 2868. List the prime factors of (3/6)/((-1)/c) - 2.
3, 79
Let a = 179 + -178. Suppose 0 = -i - 4 - a, 3*b + 5*i - 740 = 0. What are the prime factors of b?
3, 5, 17
Let h = 29417 + -13618. List the prime factors of h.
7, 37, 61
Let x be (-4 + 26732/(-4))*(-3)/(-9). Let h = -1499 - x. List the prime factors of h.
2, 5, 73
Let x(y) = -102*y + 15. Let b(i) = 2*i**2 + 10*i + 14. Let s be b(-4). Let n(o) = 51*o - 8. Let w(c) = s*x(c) + 11*n(c). What are the prime factors of w(-2)?
2, 13
Let i(z) = -z**3 + 3*z**2 + 9*z + 6. Let n be i(7). Let d = 111 - n. List the prime factors of d/5 + (-46)/(-115).
2, 3
Suppose 28 = x + 3*w, x + 3*w = 7*w + 7. Suppose 3*k = -132 - 318. Let g = x - k. List the prime factors of g.
13
Suppose -4*s + 2750 = -2*y, 2*y = 5*s - 644 - 2795. Let t = -362 + s. What are the prime factors of t?
3, 109
Let w = 2 + 23. Let d = w + -30. Let l(m) = 6*m**2 + 5*m + 7. List the prime factors of l(d).
2, 3, 11
Let y be 4/18 + 1122/54 - -2. Let c = -33 + y. Let n = c - -25. What are the prime factors of n?
3, 5
Suppose 5*y - i - 1256 = -13056, 0 = -i. Let p = y - -3330. List the prime factors of p.
2, 5, 97
Suppose -3*t + 4*q + 2331 = 0, 5*q - 7*q - 3913 = -5*t. List the prime factors of t.
5, 157
Let m(j) be the third derivative of j**5/60 + j**4/4 + 11*j**3/6 - 14*j**2. What are the prime factors of m(-11)?
2, 3, 11
Let m = -2253 - -4502. List the prime factors of m.
13, 173
Let q be 8071/28 - 3/(-4). Let l be (-4644)/40 + 10/100. Let v = q + l. What are the prime factors of v?
173
Suppose 5*h - 2855 = -4*y, -2*y + 9*h - 12*h = -1429. List the prime factors of 213/y + (-7174)/(-20).
359
Let g(s) = -4*s**3 - 13*s**2 - 12*s + 19. Let w(b) = -7*b**3 - 19*b**2 - 18*b + 29. Let a(o) = -8*g(o) + 5*w(o). What are the prime factors of a(-8)?
11, 17
Let n = -204 - -304. Let w = n - 97. Suppose -2*a + 1350 = 3*a + 4*c, -w*c - 1080 = -4*a. What are the prime factors of a?
2, 3, 5
Let a be 7/(-2)*120/(-140). Suppose -8 = 5*x - 2*l, -a*x + 0*l + 12 = 3*l. Suppose 94 = 3*z - 2*z - 5*g, 5*z - 2*g - 424 = x. List the prime factors of z.
2, 3, 7
Let r = -50 + 143. Let m = 94 - r. What are the prime factors of m/(4/(-96)*-4)?
2, 3
Suppose -x - 3*x + 6*x = 0. Suppose x = -8*i + 5*i + 993. List the prime factors of i.
331
Let q = 413 + -411. List the prime factors of ((-1284)/(-10) + q)*(-15)/(-6).
2, 163
Let n = 6431 + 4178. List the prime factors of n.
103
Suppose 0 = 22*f - 19*f - 36. List the prime factors of (2679/f + 4/16)*2.
3, 149
Let u(t) = 721*t + 261. What are the prime factors of u(38)?
17, 1627
Let y(m) = -3*m + 79. Let g be y(25). Let k(u) = 13*u**2 + 5*u - 48. List the prime factors of k(g).
2, 3, 5
Suppose 5*l - 247862 = 4*z - 7*z, 0 = -5*l + 5*z + 247870. List the prime factors of l.
89, 557
Suppose -58*x + 51*x = -637. Suppose 34*q - 35*q + x = 0. What are the prime factors of q?
7, 13
Let j(k) = -7*k + 63. Let f be j(9). Suppose -5*t = -3*w + 1040, f = 4*w - 2*w - t - 698. List the prime factors of w.
2, 5, 7
Let q be (-3)/2 + 26/4. Suppose 31 = q*h + 16. Suppose 4*y - 194 = -2*c + 170, -h*c = 2*y - 538. What are the prime factors of c?
2, 89
Let z be 6/(-48)*-4*-622. Let x = z - -667. List the prime factors of x.
2, 89
Suppose 74*m + 502590 = 140*m. List the prime factors of m.
5, 1523
Let a be -7 + 5/(5/3). List the prime factors of ((-385)/(-275))/((a/310)/(-2)).
7, 31
Suppose -p = 3*z - 127, z - 190 = 2*p - 472. Suppose 1175 = 4*r + p. What are the prime factors of r?
7, 37
Let n be (23 + 1)/((-1)/(1/1)). Let s be n/(-2)*4/16. Suppose 7 = -p + s*j - 4, -p = -4*j + 16. What are the prime factors of p?
2
Suppose 4*k - 3*m - 10173 = 6321, 5*k = 3*m + 20622. What are the prime factors of k?
2, 3, 43
Suppose -2*y = -5*n + 4, -12*n - 48 = -4*y - 16*n. Suppose -y*g = 16*g - 6432. List the prime factors of g.
2, 67
Suppose -2*h + 42 = -16. Suppose h*j - 546 = 23*j. List the prime factors of j.
7, 13
Let t(y) = 94*y**2 - 38*y - 601. What are the prime factors of t(-15)?
7, 431
Suppose 2*v - 9 = 11*v. Let l be (3 + (-93)/1)*v. Let x = -71 + l. What are the prime factors of x?
19
Let c(x) = 560*x**2 - 20*x - 3. List the prime factors of c(-3).
3, 1699
Suppose 0 = 5*z - 5. Let f be z/2 + 3032/16. Suppose 0 = r - 3*r + f. What are the prime factors of r?
5, 19
Let p(q) = q. Let u be p(0). Suppose u = -29*i + 31*i - 10. Suppose 2*z - 117 = i. What are the prime factors of z?
61
Suppose 3*h - 8*h - 31*h = 0. Let y(i) = i**3 - 6*i**2 + 5*i + 5. Let a be y(5). List the prime factors of a + -5 - (2 - h - 173).
3, 19
Let k(x) = -x**2 - 3*x - 2. Let h be k(-6). Let r be (0 - -1)/((-4)/(h/1)). Suppose r*f - 63 = 127. What are the prime factors of f?
2, 19
Let q(f) be the first derivative of -29 + 7/2*f**2 + 6*f - 3/4*f**4 - 5/3*f**3. What are the prime factors of q(-3)?
3, 7
Let v be (-10 - 11)/(1/((-8)/1)). Let j = v + -19. What are the prime factors of j?
149
What are the prime factors of 64/36*5273487/316?
2, 7417
Let f = -70 - -44. Let j = f - -36. List the prime factors of (-4)/j - 1572/(-30).
2, 13
What are the prime factors of (-13)/(156/360)*-362?
2, 3, 5, 181
Let a = 316 + -308. What are the prime factors of (4/a)/(3/3246)?
541
Suppose 0 = -464*v + 566*v - 1603848. List the prime factors of v.
2, 3931
Let t = -16627 + 30796. List the prime factors of t.
3, 4723
Let j(i) = 7*i**3 + 3*i**2 - 5*i - 1. Let p(b) = 3*b**3 + b**2 - 3*b. Let f(k) = -2*j(k) + 5*p(k). Let g be f(3). List the prime factors of 1/g - 184/(-5).
37
Let n(q) = -q**2 - 16*q + 1841. Let v be n(0). Let u = v - 1294. List the prime factors of u.
547
Let i(z) = 9*z**3 - 4*z + 3. Let d be i(1). Let a(s) = -d*s + 4 + 6*s**2 + 2 + 11*s**2. What are the prime factors of a(2)?
2, 29
Let n be ((-6)/(-10))/((-1)/(-5)). Suppose -4*q - q = n*i - 40, 5*i - 2*q = 46. List the prime factors of (((-828)/i)/3)/(4/(-10)).
3, 23
Suppose 2*i = -5*f + 25, 5*f - 4 = 2*i - 19. Let h = 10 - i. Let v(r) = 7*r + 85. List the prime factors of v(h).
5, 17
Suppose -2*d + 1522 = 2*o - o, -3*d = 5*o - 7603. Suppose -4*k = o - 5124. List the prime factors of k.
17, 53
List the prime factors of 8/32 - 1559304/(-96).
37, 439
Let s(r) be the first derivative of r**4/4 - 2*r**3/3 + 11*r**2/2 - 13*r - 5. Let t be s(5). What are the prime factors of t/2 + (-1)/2?
2, 29
Let x be (0 - -1)/1 - 0/(-61). What are the prime factors of (-10951244)/(-5321) - (19/17 - x)?
2, 3, 7
Let p(w) = 8*w**2 - 37*w + 69. List the prime factors of p(-22).
3, 5, 317
Let i = -1532 + 4025. Suppose 8*n - 6899 - i = 0. What are the prime factors of n?
2, 587
Let n(x) = 3*x**2 + 33*x - 77. Let k be n(-18). Let h = k - 6. What are the prime factors of h?
5, 59
Let m be ((-8)/10)/((16/(-35))/8). Suppose -6 = -3*o, 3*z = 5*z - 5*o + m. What are the prime factors of 18/(-3)*15/z?
3, 5
Let p = -21206 + 43787. What are the prime factors of p?
3, 13, 193
Let x be (2 + (-24)/14)*(34 - 27). List the prime factors of (-7 + -1)/x*3454/(-44).
2, 157
Let h(b) be the first derivative of 11*b**2/2 + 5*b + 1. Let u be (-12 + 6)/(36/(-24)). What are the prime factors of h(u)?
7
Let r(k) = -k**3 + 189 - 96 - 2*k - 100 - 4*k**2. Let z be r(-7). Suppose -5*w + g = -z, w + 2*g - 13 - 20 = 0. What are the prime factors of w?
31
Let w be (418 - 1)/(7/21). Let c(u) = -u**2 + 36*u + 258. Let p be c(-6). Suppose -3*g + w = p*g. List the prime factors of g.
139
Let x(h) = -h**3 - 8*h**2 + h - 5. Suppose -4*i + 4*l = 40, -l = 4*i + 15 + 5. Let q be x(i). Let r = q - -134. What are the prime factors of r?
3, 17
What are the prime factors of 3900 + -2 + 3 + 1 + -3 + -2?
3, 433
Let o(f) = -221*f + 13. Let x be o(-7). Let p be ((x/(-25))/4)/((-4)/(-30)). List the prime factors of 5*p*10/(-75).
2, 3, 13
Suppose 2*v + 32 = i, 4*i - 23 = -7. Let a(s) = s**2 - 20*s - 33. What are the prime factors of a(v)?
443
Let t(p) = p**3 - 13*p**2 + 26*p - 13. Let y be t(19). Let g be y/4 - (-16)/64. Suppose 5*n + 433 + 392 = 5*a, 4*a - g = 2*n. What are the prime factors of a?
2, 83
Let w(h) = -8*h - 17. Let b = 16 + 13. Let o = b - 37. List the prime factors of w(o).
47
Let z = 20801 + -10100. What are the prime factors of z?
3, 29, 41
Suppose 168170 = 6*f - o, -16 = -24*o + 26*o. L